 4. Calculate c(h).
2
Suppose -3*a + a + 24 = 0. Suppose 0 = -2*g - 4*g - a. Let j(l) = -3*l + 2. What is j(g)?
8
Let b(z) = 9*z**2 + 12*z + 7. Let g(a) = 4*a**2 + 6*a + 3. Let n(x) = -3*b(x) + 7*g(x). Suppose -25 = 5*f, -6*r + f = -5*r - 21. Let q = -23 + r. Give n(q).
7
Suppose 0 = 3*g - 42 - 3. Let a be (-2)/g - (-88)/(-15). Let s(w) be the third derivative of -w**6/120 - w**5/12 + w**4/6 - 7*w**3/6 - 3*w**2. Give s(a).
5
Let h(c) = c**3 - 9*c**2 + 8*c + 7. Let m be (-3 - -4 - -2)*24/9. Determine h(m).
7
Let p(i) be the first derivative of 4*i + 5/3*i**3 - 4*i**2 + 1 + 1/4*i**4. Let k be 1*4*(-3)/2. Determine p(k).
16
Let v(w) = -6*w**2 - 4*w - 8. Let t(j) = 6*j**2 + 5*j + 9. Let g(q) = -4*t(q) - 5*v(q). Let f(z) = 17*z**2 + 11. Let h(l) = 3*f(l) - 8*g(l). What is h(-1)?
4
Let k(s) = -s**3 + 6*s**2 - 5*s + 2. Suppose 0 = -0*f - 5*f + 15. Suppose -f*j + 9*j = 24. Calculate k(j).
14
Let o(u) = -u**2 + 4*u + 3. Let x = 19 + -13. Let n be (x/(-4))/(15/(-20)). Suppose v - n*d + 15 = 2*d, 0 = 4*v + 4*d. What is o(v)?
-18
Suppose -6*w - 315 = -291. Let g(r) = 1. Let y(o) = o - 9. Let b(a) = -4*g(a) - y(a). Determine b(w).
9
Let z(j) = -18*j**2 - 36*j + 4. Let q be z(-2). Let b(c) = -c**3 + 6*c**2 - 6*c + 4. What is b(q)?
12
Suppose 4*p + 7*p = -33. Let m = -4 + 7. Let t(x) = 1 - x**2 + m + 0 - 3*x - 2. What is t(p)?
2
Suppose 2*w + 2 = 5*x, 4*w + 3 = -3*x + w. Suppose -2*l + h + 10 = x, -3*h + 5 + 1 = 0. Let k = 10 - l. Let t(b) = b**2 - 5*b - 3. Calculate t(k).
-7
Suppose -8*k + 4 = -20. Let g(z) be the second derivative of -z**5/20 + z**4/3 - 3*z**2/2 - 5*z. Give g(k).
6
Let j(r) = 5*r**2 - 10*r + 2. Let x(p) = -2*p**2 + p + 3. Let g(t) = -j(t) - 2*x(t). Suppose k - 3 - 3 = 0. What is g(k)?
4
Let i = -92 - -8. Let x = i + 86. Let k(f) = 16*f - 3. Calculate k(x).
29
Let f(n) = 2*n. Let u(s) = -2*s**3 + 11*s**2 + 8*s - 6. Let o be u(6). Suppose o*l = 10*l. Let i = -2 - l. Give f(i).
-4
Let r(t) = t + 1. Let z be r(3). Suppose 0*n + z*n + 20 = -5*h, 20 = 3*n - 5*h. Let b(l) = 2 + l**2 - 1 + 0 + n*l**2 + 5*l. What is b(-6)?
7
Let x(b) = b**2 - 7*b + 8. Suppose 20 = -34*o + 39*o. Suppose 4*y = -l + 14, 3*l - 36 + 10 = -o*y. Determine x(l).
2
Let l(k) = k**3 - 4*k**2 - 6*k + 6. Let p be l(5). Let g(c) = -3*c**3 + 0*c**3 + 4*c**2 - 2*c - p + 2*c**3. Let m be (1/(-1))/(4/(-12)). Give g(m).
2
Let i(c) = -c**3 - 2*c**2 + 5*c + 5. Let a be ((-11)/(-22))/(2/(-16)). Determine i(a).
17
Suppose 4*i + 9 = 77. Let c(r) = -10 + 5*r - 4 + i - r**2. What is c(8)?
-21
Let t(f) be the first derivative of 1 + 1/3*f**3 + 3*f**2 - 7*f. Suppose 0 = -14*v + 17*v + 18. Give t(v).
-7
Let z = 801 + -427. Let p(w) = -3*w + w**2 - 380 + w + z. What is p(6)?
18
Let z(m) = -5*m - 1. Let i(q) = q. Suppose 2*v + 2*v - 24 = 0. Let x(j) = v*i(j) + z(j). What is x(1)?
0
Let a(s) = 5*s - 7. Let l(j) = -4*j + 7. Let w(f) = -6*a(f) - 7*l(f). Let z(y) = 4*y - 1. Let t be z(-1). Determine w(t).
3
Let o be 42/28*-2*4/3. Let r(t) = -2*t**3 + t**3 + 2 - 5*t**2 - 3 - 3*t. Calculate r(o).
-5
Let c = 53 + -47. Let s(p) = -c*p**2 + 395*p + 4*p**3 - 3*p**3 + 4 - 395*p. What is s(6)?
4
Let o(q) = -q + 3. Let w(m) be the second derivative of -3*m**2 + 0 - 1/12*m**4 + 3*m - 7/6*m**3. Let v be w(-5). Determine o(v).
-1
Suppose k - 39 = -0*k. Suppose -4 = 7*g - k. Let h(m) be the third derivative of -m**4/24 - m**3 - 2*m**2. Determine h(g).
-11
Suppose 5*f - p = 19, -128*f + 131*f + 11 = -5*p. Let b(d) = 2*d**2 - 6*d + 4. Give b(f).
4
Let f(q) be the first derivative of q**4/12 + q**3/3 - q**2 - 4*q + 3. Let y(n) be the first derivative of f(n). Let r be -1*(2 + -4) + 0. What is y(r)?
6
Let b(x) = -x**2 - x + 7. Suppose -24 = -9*d + d. Let p(s) = -s**2 - 2*s + 6. Let c(n) = d*b(n) - 4*p(n). Give c(-4).
-7
Let m(d) = -d**3 - d**2 + d + 1. Let t be m(-2). Suppose t*i - 15 = -2*i. Let c(g) = 1 + 8*g - 8*g + i*g**2. What is c(2)?
13
Let r(o) = -o**2 + 13*o. Suppose -3*v = -4*v - q + 9, -v = 21*q + 71. Determine r(v).
0
Suppose 54 - 6 = -12*r. Let v(z) = -z**3 - 4*z**2 - 2*z + 2. What is v(r)?
10
Let s(p) = -p**3 + 5*p**2 + 4*p - 4. Suppose -5*r - 3*m = -94, 4*r - 2*m + 58 - 142 = 0. Suppose 5*c - r - 10 = 0. What is s(c)?
-16
Let a(h) = h**2 + h - 2. Let b(y) = -5*y**2 - 6*y + 11. Let l(i) = 11*a(i) + 2*b(i). Let m be l(2). Let r(q) = -5*q + 26 - 4*q**m + 3*q**2 - 18. Give r(-6).
2
Let p(f) = f**3 - 6*f**2 + 5*f - 5. Let d be (-8)/20*(2 - 187). Let h = -52 + d. Let n = h + -17. What is p(n)?
-5
Let m(b) be the third derivative of b**5/60 - b**4/24 + b**3/6 + 6*b**2. Suppose 9*d - 40 = -4. Calculate m(d).
13
Let r(o) = 29*o + 8 - o**3 - 2 + 2*o**3 - 7*o**2 - 28*o. Give r(6).
-24
Suppose -4*f + 3*f = 6, 5*p - 5*f - 30 = 0. Let d(t) = 4 - t + 2 + 1. Determine d(p).
7
Let o(v) = -2*v + 9. Let t(b) = 3*b - 16. Let p(z) = 7*o(z) + 5*t(z). What is p(0)?
-17
Let w = -368 - -352. Let i(k) = k**3 + 15*k**2 - 15*k + 5. What is i(w)?
-11
Let b be 18/(-12)*32/(-12). Let s(g) = 5*g**2 + 0*g**2 + 2 + 3*g - 4*g**2 - b. What is s(2)?
8
Suppose -2*l = -2*k + 12, -2*l = 5*k + 1 - 10. Let o(n) = 2*n**2 - 12*n - 26. Let i be o(8). Let v(x) = -4*x**2 - 2*x + 8*x - x**k - i - 3*x. Calculate v(-5).
4
Let v(c) = 9*c**2 - 17*c + 9. Let u(l) = -4*l**2 + 8*l - 4. Let h = 139 - 146. Let n(k) = h*u(k) - 3*v(k). Give n(4).
-3
Suppose -10*r - 14 = -4. Let v(l) be the second derivative of 5*l**4/12 + l**3/3 + l**2/2 + l. Determine v(r).
4
Suppose 0 = 3*j + 6, -2*j = -0*o - 2*o + 36. Let z(h) = 2*h - 32. Determine z(o).
0
Let j(i) be the first derivative of -i**3/3 - 2*i**2 + 3*i - 42. What is j(-4)?
3
Let j(c) be the second derivative of c**5/20 + c**4/2 - c**3 + 7*c**2/2 - 303*c. Calculate j(-6).
43
Let v(q) = -3*q**3 - 1. Suppose -6*t = -2*t + 40. Let w(u) = u**3 + 10*u**2 - u - 2. Let r be w(t). Let m be r/56 - 6/(-7). Determine v(m).
-4
Let o(c) = c**2 - 3*c + 1. Let g(i) = -3*i**2 + 96*i + 2. Let r be g(32). Suppose -4 - 5 = 3*w, -r*n + 4*w + 22 = 0. What is o(n)?
11
Suppose -8*t = -t - 420. Let w = -56 + t. Let c(v) = -v**3 + 5*v**2 - 2*v - 3. Give c(w).
5
Let m = 7 + -1. Suppose 3*g - 12 = -g. Let x(k) = k + 8. Let c(u) = 3*u + 17. Let d(o) = g*c(o) - 7*x(o). What is d(m)?
7
Let x(u) = u**3 + 7*u**2 + 2*u. Suppose -17 = 4*d + t, 0 = d + 4*t + 2 - 9. What is x(d)?
40
Let j(c) = -10*c**2 - 3*c - 1. Let g(x) = -x**2 - 3*x. Let b(w) = -g(w) + j(w). Give b(1).
-10
Let q(x) be the second derivative of x**4/12 + x**3/6 + 15*x**2/2 + 43*x + 2. Determine q(0).
15
Let v(z) be the first derivative of -23 - 4*z - 1/2*z**2. Let f(c) = c**3 + 2*c**2 + 3*c + 2. Let m be f(-2). Give v(m).
0
Let v(w) = -3*w - 62. Let c be v(-22). Let k(r) = r + 2. Determine k(c).
6
Let o(d) be the second derivative of d**4/12 + 7*d**3/6 - 7*d**2/2 + 90*d. Determine o(-7).
-7
Suppose -3*f = 5*l - 10 + 2, -4*l = -f - 3. Let o(m) = -f - 3*m**2 + 15*m + 2*m**2 - 21*m. Determine o(-6).
-1
Let r be (-2097)/297 + (-8)/(-132). Let o(j) = -j + 16. What is o(r)?
23
Let x(p) = -7*p + 11*p + 6 + 10 - 15. What is x(3)?
13
Let d be (0 - (-1 + 2))*(37 - 36). Let b be (-8)/(-16) + d/(-2). Let c(w) = -8*w**3 - 2*w + 1. Calculate c(b).
-9
Let c(w) = 6*w - 6. Let y(d) = -8*d + 9. Let a(h) = 3*c(h) + 2*y(h). Give a(2).
4
Suppose -2*d + 7*d - 25 = 0. Suppose -2*k + d*k = -15. Let c(m) = -m**3 + 0*m**2 - 1 - 6*m**2 + 2*m**2 + 3*m. What is c(k)?
9
Let v(o) be the second derivative of o**4/12 - o**3/3 - 4*o**2 - 5*o + 5. Give v(0).
-8
Suppose 3*k + 33 = -g, 5*k + 68 - 13 = 5*g. Let f = k + 15. Let u(d) be the second derivative of d**4/6 - 5*d**3/6 + d**2/2 + 4*d. Give u(f).
13
Let j(m) = m**2 + 2*m - 4. Let d(n) = n**3 - 6*n**2 - 2*n + 14. Let t be d(6). Suppose 0 = -t*r - 3*r - 15. Let g be j(r). Let v(x) = 7*x + 1. Give v(g).
-6
Let c be 1/(-5 + 3)*0. Suppose -2*d + 2*a + 16 = c, 5*d + 12 = 3*a + 60. Suppose -3*r + 0 = d. Let n(f) = f**3 + 4*f**2 - f - 4. Calculate n(r).
0
Let v(z) = 5*z - 2. Suppose 0 = 4*x + 41*q - 44*q - 11, -12 = -4*q. What is v(x)?
23
Let a(i) = -i. Let b(k) = -k**3 - k**2 - k + 2. Let q be b(-3). Suppose 3*w - q + 8 = 0. Suppose -8*f + w*f + 18 = 0. Determine a(f).
-6
Suppose 2*k = -3 + 1. Let p(c) = -4*c - 3. Let f(l) be the first derivative of -l**2/2 - 85. Let u(g) = k*p(g) - 3*f(g). Determine u(-2).
-11
Let r(q) = 3*q + 13 + 5 + 2 - 7*q - 18. What is r(3